{"id":2258,"date":"2025-09-12T11:46:38","date_gmt":"2025-09-12T09:46:38","guid":{"rendered":"https:\/\/shop.hustaskola.cz\/obchod\/?post_type=product&#038;p=2258"},"modified":"2025-12-21T21:20:56","modified_gmt":"2025-12-21T20:20:56","slug":"pripravne-kurzy-k-prijimacim-zkouskam-vinohrady","status":"publish","type":"product","link":"https:\/\/shop.hustaskola.cz\/obchod\/produkt\/pripravne-kurzy-k-prijimacim-zkouskam-vinohrady\/","title":{"rendered":"P\u0159\u00edpravn\u00e9 kurzy k p\u0159ij\u00edmac\u00edm zkou\u0161k\u00e1m na st\u0159edn\u00ed \u0161koly (Praha &#8211; Vinohrady)"},"content":{"rendered":"<ul>\n<li style=\"list-style-type: none;\">\n<ul>\n<li><a href=\"#urceni\">Pro koho je kurz ur\u010den<\/a><\/li>\n<li><a href=\"#prubeh\">Jak prob\u00edh\u00e1 v\u00fduka<\/a><\/li>\n<li><a href=\"#co_ucastnik_ziska\">Co \u00fa\u010dastn\u00edk z\u00edsk\u00e1<\/a><\/li>\n<li><a href=\"#varianty\">Nab\u00edzen\u00e9 varianty kurzu<\/a><\/li>\n<li><a href=\"#latka\">Co se v kurzu \u017e\u00e1ci nau\u010d\u00ed<\/a><\/li>\n<li><a href=\"#lektori\">Na\u0161i lekto\u0159i<\/a><\/li>\n<li><a href=\"#terminy\">Term\u00edny a organizace<\/a><\/li>\n<li><a href=\"#cena\">Cena kurzu<\/a><\/li>\n<\/ul>\n<\/li>\n<\/ul>\n<h2 id=\"urceni\"><span style=\"font-size: 22pt;\">\ud83c\udfaf Pro koho je kurz ur\u010den<\/span><\/h2>\n<ul>\n<li>Kurz je ur\u010den \u017e\u00e1k\u016fm 9. t\u0159\u00edd z\u00e1kladn\u00edch \u0161kol, kte\u0159\u00ed se chystaj\u00ed na jednotn\u00e9 p\u0159ij\u00edmac\u00ed zkou\u0161ky na \u010dty\u0159let\u00e9 st\u0159edn\u00ed \u0161koly a gymn\u00e1zia.<\/li>\n<li>Je vhodn\u00fd jak pro \u017e\u00e1ky, kte\u0159\u00ed s p\u0159\u00edpravou teprve za\u010d\u00ednaj\u00ed, tak pro ty, kte\u0159\u00ed si cht\u011bj\u00ed <strong>systematicky upevnit znalosti, odstranit slab\u0161\u00ed m\u00edsta a z\u00edskat v\u011bt\u0161\u00ed jistotu p\u0159ed p\u0159ij\u00edmac\u00edmi zkou\u0161kami<\/strong>.<\/li>\n<\/ul>\n<h2 id=\"prubeh\"><span style=\"font-size: 22pt;\">\ud83d\udc69\u200d\ud83c\udfeb Jak <\/span><span style=\"font-size: 22pt;\">prob\u00edh\u00e1 <\/span><span style=\"font-size: 22pt;\">v\u00fduka<\/span><span style=\"font-size: 22pt;\">\u00a0<\/span><span style=\"font-size: 22pt;\">\u00a0<\/span><\/h2>\n<ul>\n<li>V\u00fduka prob\u00edh\u00e1 <strong>prezen\u010dn\u011b na pobo\u010dce Vinohrady<\/strong> a kon\u00e1 se<strong> jednou t\u00fddn\u011b<\/strong> po cel\u00fd \u0161koln\u00ed rok.<\/li>\n<li>Ka\u017ed\u00e1 lekce je zam\u011b\u0159en\u00e1 na \u010desk\u00fd jazyk a matematiku, p\u0159\u00edpadn\u011b tak\u00e9 na angli\u010dtinu podle zvolen\u00e9 varianty kurzu.<\/li>\n<li>\u017d\u00e1ci pracuj\u00ed s <strong>re\u00e1ln\u00fdmi testy CERMAT<\/strong> i s vlastn\u00edmi pracovn\u00edmi listy.<\/li>\n<li>Sou\u010d\u00e1st\u00ed v\u00fduky je procvi\u010dov\u00e1n\u00ed typov\u00fdch \u00faloh, podrobn\u00fd v\u00fdklad postup\u016f i n\u00e1cvik strategi\u00ed pro jejich spr\u00e1vn\u00e9 \u0159e\u0161en\u00ed.<\/li>\n<\/ul>\n<p>C\u00edlem nen\u00ed pouze \u201epo\u010d\u00edtat p\u0159\u00edklady\u201c, ale <strong>pochopit principy, nau\u010dit se spr\u00e1vn\u011b pracovat s \u010dasem a zvl\u00e1dnout psychiku u zkou\u0161ky<\/strong>.<\/p>\n<h2 id=\"co_ucastnik_ziska\"><span style=\"font-size: 22pt;\">\ud83d\udc68\u200d\ud83c\udf93 Co \u00fa\u010dastn\u00edk z\u00edsk\u00e1<\/span><\/h2>\n<p>\u2705 Systematick\u00e1 a pravideln\u00e1 p\u0159\u00edprava na p\u0159ij\u00edmac\u00ed zkou\u0161ky<\/p>\n<p>\u2705 P\u0159ehled o typech \u00faloh, kter\u00e9 se u p\u0159ij\u00edma\u010dek objevuj\u00ed<\/p>\n<p>\u2705 Osvojen\u00ed spr\u00e1vn\u00fdch postup\u016f \u0159e\u0161en\u00ed a strategie pr\u00e1ce s testem<\/p>\n<p>\u2705 V\u011bt\u0161\u00ed jistota, klid a sebev\u011bdom\u00ed u ostr\u00e9 zkou\u0161ky<\/p>\n<p>\u2705 Pr\u016fb\u011b\u017en\u00e1 zp\u011btn\u00e1 vazba od lektor\u016f a doporu\u010den\u00ed pro dal\u0161\u00ed p\u0159\u00edpravu<\/p>\n<h2 id=\"varianty\"><span style=\"font-size: 22pt;\">\ud83d\udcda Nab\u00edzen\u00e9 varianty kurzu<\/span><\/h2>\n<p>Ka\u017ed\u00fd si m\u016f\u017ee zvolit variantu dle vlastn\u00edch pot\u0159eb.<\/p>\n<table border=\"1\" cellspacing=\"0\" cellpadding=\"8\">\n<tbody>\n<tr>\n<th>Varianta<\/th>\n<th>Obsah kurzu<\/th>\n<th>Vhodn\u00e9 pro<\/th>\n<\/tr>\n<tr>\n<td>\u010cJL + MAT + ANJ<\/td>\n<td>Komplexn\u00ed p\u0159\u00edprava zahrnuj\u00edc\u00ed \u010desk\u00fd jazyk, matematiku i angli\u010dtinu.<\/td>\n<td>Pro uchaze\u010de o gymn\u00e1zia a \u0161koly s roz\u0161\u00ed\u0159enou jazykovou v\u00fdukou.<\/td>\n<\/tr>\n<tr>\n<td>\u010cJL + MAT<\/td>\n<td>Z\u00e1kladn\u00ed dvoup\u0159edm\u011btov\u00e1 p\u0159\u00edprava odpov\u00eddaj\u00edc\u00ed podob\u011b jednotn\u00fdch p\u0159ij\u00edmac\u00edch zkou\u0161ek.<\/td>\n<td>Nej\u010dast\u011bj\u0161\u00ed volba pro v\u011bt\u0161inu st\u0159edn\u00edch \u0161kol a gymn\u00e1zi\u00ed.<\/td>\n<\/tr>\n<tr>\n<td>ANJ<\/td>\n<td>Dopl\u0148kov\u00fd kurz zam\u011b\u0159en\u00fd na praktick\u00e9 dovednosti a testov\u00e1n\u00ed z angli\u010dtiny.<\/td>\n<td>Pro \u017e\u00e1ky, kte\u0159\u00ed cht\u011bj\u00ed c\u00edlen\u011b zlep\u0161it svou angli\u010dtinu.<\/td>\n<\/tr>\n<\/tbody>\n<\/table>\n<h2 id=\"latka\"><span style=\"font-size: 22pt;\">\ud83d\udcd8 Co se v kurzu \u017e\u00e1ci nau\u010d\u00ed?<\/span><\/h2>\n<table cellspacing=\"0\" cellpadding=\"8\">\n<tbody>\n<tr>\n<td><\/td>\n<td><strong>\u010cesk\u00fd jazyk a literatura<\/strong><\/td>\n<td><\/td>\n<td><strong>Matematika<\/strong><\/td>\n<td><\/td>\n<td><strong>Angli\u010dtina<\/strong><\/td>\n<\/tr>\n<tr>\n<td>\u2714\ufe0f<\/td>\n<td>gramatika, pravopis, skladba v\u011bt<\/td>\n<td>\u2714\ufe0f<\/td>\n<td>z\u00e1kladn\u00ed po\u010detn\u00ed operace, procentov\u00e9 v\u00fdpo\u010dty a slovn\u00ed \u00falohy<\/td>\n<td>\u2714\ufe0f<\/td>\n<td>gramatick\u00e9 jevy (slovesn\u00e9 \u010dasy, podm\u00ednkov\u00e9 v\u011bty, pasivum)<\/td>\n<\/tr>\n<tr>\n<td>\u2714\ufe0f<\/td>\n<td>pr\u00e1ce s textem a rozvoj \u010dten\u00e1\u0159sk\u00fdch dovednost\u00ed<\/td>\n<td>\u2714\ufe0f<\/td>\n<td>\u0159e\u0161en\u00ed rovnic, pr\u00e1ce s geometrick\u00fdmi \u00fatvary a jednotkami<\/td>\n<td>\u2714\ufe0f<\/td>\n<td>porozum\u011bn\u00ed psan\u00e9mu textu i poslechu<\/td>\n<\/tr>\n<tr>\n<td>\u2714\ufe0f<\/td>\n<td>slohov\u00e1 cvi\u010den\u00ed a \u00falohy podle form\u00e1tu CERMAT<\/td>\n<td>\u2714\ufe0f<\/td>\n<td>procvi\u010dov\u00e1n\u00ed nejb\u011b\u017en\u011bj\u0161\u00edch typ\u016f \u00faloh z p\u0159ij\u00edmac\u00edch zkou\u0161ek<\/td>\n<td>\u2714\ufe0f<\/td>\n<td>roz\u0161i\u0159ov\u00e1n\u00ed slovn\u00ed z\u00e1soby podle okruh\u016f pou\u017e\u00edvan\u00fdch u zkou\u0161ek<\/td>\n<\/tr>\n<tr>\n<td>\u2714\ufe0f<\/td>\n<td>techniky zvl\u00e1d\u00e1n\u00ed testu pod \u010dasov\u00fdm tlakem<\/td>\n<td>\u2714\ufe0f<\/td>\n<td>systematick\u00fd tr\u00e9nink pr\u00e1ce s testov\u00fdmi zad\u00e1n\u00edmi<\/td>\n<td>\u2714\ufe0f<\/td>\n<td>simulace test\u016f a podrobn\u00e1 zp\u011btn\u00e1 vazba od lektora<\/td>\n<\/tr>\n<\/tbody>\n<\/table>\n<h2 id=\"lektori\"><span style=\"font-size: 22pt;\">\ud83e\uddd1\u200d\ud83c\udfeb Na\u0161i lekto\u0159i<\/span><\/h2>\n<div style=\"display: flex; gap: 16px; flex-wrap: wrap; align-items: flex-start; justify-content: center;\">\n<div style=\"width: 100%; max-width: 364px; flex: 0 0 364px; align-self: flex-start; height: auto; background: #fff; overflow: hidden; box-shadow: 0 8px 24px rgba(0,0,0,.12); font-family: Arial,Helvetica,sans-serif;\">\n<div style=\"height: 340px; background: #fff; display: flex; align-items: center; justify-content: center;\"><img decoding=\"async\" style=\"width: 100%; height: 100%; display: block; object-fit: contain; object-position: center;\" src=\"https:\/\/www.oapraha.cz\/wp-content\/uploads\/2025\/01\/Dominika-Sulcova-e1760088947219.jpg\" alt=\"Portr\u00e9t Dominiky \u0160ulcov\u00e9\" title=\"\"><\/div>\n<div style=\"min-height: 80px; background: #39648f; color: #fff; display: flex; flex-direction: column; align-items: center; justify-content: center; text-align: center; padding: 10px 14px; box-sizing: border-box; overflow-wrap: anywhere; word-break: break-word;\">\n<div style=\"font-size: 22px; font-weight: bold; line-height: 1.1; margin: 0 0 6px 0;\">Ing. \u0160ulcov\u00e1 Dominika<\/div>\n<div style=\"font-size: 14px; font-weight: 500; line-height: 1.2; margin: 0; opacity: .95;\">\u25ab\ufe0f Lektorka kurzu matematiky<\/div>\n<\/div>\n<\/div>\n<div style=\"width: 100%; max-width: 364px; flex: 0 0 364px; align-self: flex-start; height: auto; background: #fff; overflow: hidden; box-shadow: 0 8px 24px rgba(0,0,0,.12); font-family: Arial,Helvetica,sans-serif;\">\n<div style=\"height: 340px; background: #fff; display: flex; align-items: center; justify-content: center;\"><img decoding=\"async\" style=\"width: 100%; height: 100%; display: block; object-fit: contain; object-position: center;\" src=\"https:\/\/www.oapraha.cz\/wp-content\/uploads\/2025\/01\/hermelikova.webp\" alt=\"Portr\u00e9t Blanky Hemel\u00edkov\u00e9\" title=\"\"><\/div>\n<div style=\"min-height: 80px; background: #39648f; color: #fff; display: flex; flex-direction: column; align-items: center; justify-content: center; text-align: center; padding: 10px 14px; box-sizing: border-box; overflow-wrap: anywhere; word-break: break-word;\">\n<div style=\"font-size: 22px; font-weight: bold; line-height: 1.1; margin: 0 0 6px 0;\">PhDr. Hemel\u00edkov\u00e1 Blanka<\/div>\n<div style=\"font-size: 14px; font-weight: 500; line-height: 1.2; margin: 0; opacity: .95;\">\u25ab\ufe0f Lektorka kurzu \u010desk\u00e9ho jazyka<\/div>\n<\/div>\n<\/div>\n<\/div>\n<h2 id=\"terminy\"><span style=\"font-size: 22pt;\"><br \/>\n\ud83d\udd52 Term\u00edny a organizace kurzu<\/span><\/h2>\n<ul>\n<li><strong>Za\u010d\u00e1tek:<\/strong> kurzy za\u010d\u00ednaj\u00ed v t\u00fddnu od 6.\u0159\u00edjna 2025 a prob\u00edhaj\u00ed a\u017e do 6.4.2026. <strong>P\u0159ihl\u00e1sit se m\u016f\u017eete i v pr\u016fb\u011bhu<\/strong> kon\u00e1n\u00ed kurzu.<\/li>\n<li><strong>Frekvence v\u00fduky:<\/strong> 1x t\u00fddn\u011b odpoledne\n<ul>\n<li>V\u017edy v pond\u011bl\u00ed od 16:00 do 17:30<\/li>\n<li>St\u0159\u00eddav\u011b v\u00fduka \u010desk\u00e9ho jazyka a matematiky (1x za 14 dn\u00ed)<\/li>\n<\/ul>\n<\/li>\n<li><strong>V\u00fduka prob\u00edh\u00e1 v men\u0161\u00edch skupin\u00e1ch<\/strong>, aby byl zachov\u00e1n individu\u00e1ln\u00ed p\u0159\u00edstup.<\/li>\n<\/ul>\n<h3><strong><span style=\"font-size: 16pt;\">M\u00edsto kon\u00e1n\u00ed<\/span><\/strong><\/h3>\n<p>\ud83d\udccdObchodn\u00ed akademie Praha Vinohrady, Slezsk\u00e1 68<\/p>\n<h3><strong><span style=\"font-size: 16pt;\">Kontakty<\/span><\/strong><\/h3>\n<p>\ud83d\udcde Telefon: 734 464 693<br \/>\n\ud83d\udce7 E-mail: vinohrady@oapraha.cz<\/p>\n<h2 id=\"cena\"><span style=\"font-size: 22pt;\">\ud83d\udcb0 Cena kurzu a co je zahrnuto<\/span><\/h2>\n<p><strong>Cena kurzu se odv\u00edj\u00ed od zvolen\u00e9 kombinace:<\/strong><\/p>\n<ul>\n<li>\u010cJL + MAT + ANJ: 11 100 K\u010d<\/li>\n<li>\u010cJL + MAT: 7 600 K\u010d<\/li>\n<li>ANJ: 4 800 K\u010d<\/li>\n<\/ul>\n<p><strong>V cen\u011b kurzu je zahrnuto:<\/strong><\/p>\n<ul>\n<li>pravideln\u00e1 prezen\u010dn\u00ed v\u00fduka<\/li>\n<li>studijn\u00ed materi\u00e1ly a pracovn\u00ed listy<\/li>\n<li>individu\u00e1ln\u00ed zp\u011btn\u00e1 vazba lektora<\/li>\n<li>z\u00e1v\u011bre\u010dn\u00fd test nane\u010disto<\/li>\n<\/ul>\n","protected":false},"excerpt":{"rendered":"<p><a href=\"https:\/\/www.oapraha.cz\/#pobocka-vinohrady\" target=\"_blank\" rel=\"noopener\"><img decoding=\"async\" class=\"alignnone size-medium wp-image-2498\" src=\"https:\/\/shop.hustaskola.cz\/wp-content\/uploads\/2025\/09\/oa-vinohrady-logo-bile-modre-pozadi-jpg-300x94.jpg\" alt=\"OA Praha - Vinohrady - logo\" width=\"300\" height=\"94\" srcset=\"https:\/\/shop.hustaskola.cz\/wp-content\/uploads\/2025\/09\/oa-vinohrady-logo-bile-modre-pozadi-jpg-300x94.jpg 300w, https:\/\/shop.hustaskola.cz\/wp-content\/uploads\/2025\/09\/oa-vinohrady-logo-bile-modre-pozadi-jpg-1024x322.jpg 1024w, https:\/\/shop.hustaskola.cz\/wp-content\/uploads\/2025\/09\/oa-vinohrady-logo-bile-modre-pozadi-jpg-768x242.jpg 768w, https:\/\/shop.hustaskola.cz\/wp-content\/uploads\/2025\/09\/oa-vinohrady-logo-bile-modre-pozadi-jpg-600x189.jpg 600w, https:\/\/shop.hustaskola.cz\/wp-content\/uploads\/2025\/09\/oa-vinohrady-logo-bile-modre-pozadi-jpg-1536x484.jpg 1536w, https:\/\/shop.hustaskola.cz\/wp-content\/uploads\/2025\/09\/oa-vinohrady-logo-bile-modre-pozadi-jpg-2048x645.jpg 2048w, https:\/\/shop.hustaskola.cz\/wp-content\/uploads\/2025\/09\/oa-vinohrady-logo-bile-modre-pozadi-jpg-1300x409.jpg 1300w\" sizes=\"(max-width: 300px) 100vw, 300px\" \/><\/a><br \/><\/br><\/p>\n<p>Tento kurz je ur\u010den <strong>\u017e\u00e1k\u016fm 9. t\u0159\u00edd<\/strong>, kte\u0159\u00ed se p\u0159ipravuj\u00ed na <strong>p\u0159ij\u00edmac\u00ed zkou\u0161ky<\/strong> na st\u0159edn\u00ed \u0161koly a gymn\u00e1zia.<br \/><\/br><\/p>\n<p>B\u011bhem pravideln\u00e9 v\u00fduky si systematicky procvi\u010d\u00ed <strong>\u010desk\u00fd jazyk, matematiku a dopl\u0148kov\u011b i angli\u010dtinu<\/strong> podle aktu\u00e1ln\u00edch po\u017eadavk\u016f <strong>CERMAT<\/strong>. Nau\u010d\u00ed se spr\u00e1vn\u00e9 postupy \u0159e\u0161en\u00ed, strategii pr\u00e1ce s testem a z\u00edskaj\u00ed v\u011bt\u0161\u00ed jistotu p\u0159ed p\u0159ij\u00edmac\u00edmi zkou\u0161kami.<br \/><\/br><\/p>\n<p><strong>Doba kon\u00e1n\u00ed kurzu:<\/strong> 6.10.2025 \u2013 6.4.2026. <strong>P\u0159ihl\u00e1\u0161en\u00ed mo\u017en\u00e9 i v pr\u016fb\u011bhu.<\/strong><br \/><\/br><\/p>\n<p>\ud83d\udccd<strong>M\u00edsto:<\/strong> Obchodn\u00ed akademie Praha Vinohrady<br \/>\n\u261d\ufe0fKapacita je omezen\u00e1 \u2013 p\u0159ihlaste se v\u010das.<\/p>\n","protected":false},"author":2,"featured_media":2366,"template":"","meta":[],"product_brand":[],"product_cat":[33,36,17],"product_tag":[],"class_list":{"0":"post-2258","1":"product","2":"type-product","3":"status-publish","4":"has-post-thumbnail","6":"product_cat-kurzy","7":"product_cat-kurzyvinohrady","8":"product_cat-oa-vinohrady","10":"first","11":"instock","12":"shipping-taxable","13":"purchasable","14":"product-type-variable"},"_links":{"self":[{"href":"https:\/\/shop.hustaskola.cz\/obchod\/wp-json\/wp\/v2\/product\/2258","targetHints":{"allow":["GET"]}}],"collection":[{"href":"https:\/\/shop.hustaskola.cz\/obchod\/wp-json\/wp\/v2\/product"}],"about":[{"href":"https:\/\/shop.hustaskola.cz\/obchod\/wp-json\/wp\/v2\/types\/product"}],"author":[{"embeddable":true,"href":"https:\/\/shop.hustaskola.cz\/obchod\/wp-json\/wp\/v2\/users\/2"}],"wp:featuredmedia":[{"embeddable":true,"href":"https:\/\/shop.hustaskola.cz\/obchod\/wp-json\/wp\/v2\/media\/2366"}],"wp:attachment":[{"href":"https:\/\/shop.hustaskola.cz\/obchod\/wp-json\/wp\/v2\/media?parent=2258"}],"wp:term":[{"taxonomy":"product_brand","embeddable":true,"href":"https:\/\/shop.hustaskola.cz\/obchod\/wp-json\/wp\/v2\/product_brand?post=2258"},{"taxonomy":"product_cat","embeddable":true,"href":"https:\/\/shop.hustaskola.cz\/obchod\/wp-json\/wp\/v2\/product_cat?post=2258"},{"taxonomy":"product_tag","embeddable":true,"href":"https:\/\/shop.hustaskola.cz\/obchod\/wp-json\/wp\/v2\/product_tag?post=2258"}],"curies":[{"name":"wp","href":"https:\/\/api.w.org\/{rel}","templated":true}]}}