{"id":195,"date":"2024-11-19T21:26:26","date_gmt":"2024-11-19T20:26:26","guid":{"rendered":"https:\/\/shop.hustaskola.cz\/obchod\/?post_type=product&#038;p=195"},"modified":"2024-11-20T15:15:21","modified_gmt":"2024-11-20T14:15:21","slug":"kravata","status":"publish","type":"product","link":"https:\/\/shop.hustaskola.cz\/obchod\/produkt\/kravata\/","title":{"rendered":"Kravata"},"content":{"rendered":"<p>Oran\u017eov\u00e1 kravata je ze skv\u011bl\u00e9ho sat\u00e9nov\u00e9ho materi\u00e1lu, kter\u00fd se v\u016fbec nema\u010dk\u00e1. Kravata m\u00e1 v doln\u00ed \u010d\u00e1sti logo \u0161koly.<\/p>\n","protected":false},"excerpt":{"rendered":"<p>Kravata\u00a0je\u00a0elegantn\u00ed\u00a0dopln\u011bk,\u00a0kter\u00fd\u00a0mu\u017ei\u00a0a\u00a0n\u011bkdy\u00a0i\u00a0\u017eeny\u00a0nos\u00ed\u00a0p\u0159edev\u0161\u00edm\u00a0ke\u00a0ko\u0161il\u00edm do spole\u010dnosti.<\/p>\n","protected":false},"author":2,"featured_media":278,"template":"","meta":[],"product_brand":[],"product_cat":[16,19],"product_tag":[],"class_list":{"0":"post-195","1":"product","2":"type-product","3":"status-publish","4":"has-post-thumbnail","6":"product_cat-oa-satalice","7":"product_cat-obleceni-oa-satalice","9":"first","10":"instock","11":"shipping-taxable","12":"purchasable","13":"product-type-simple"},"_links":{"self":[{"href":"https:\/\/shop.hustaskola.cz\/obchod\/wp-json\/wp\/v2\/product\/195","targetHints":{"allow":["GET"]}}],"collection":[{"href":"https:\/\/shop.hustaskola.cz\/obchod\/wp-json\/wp\/v2\/product"}],"about":[{"href":"https:\/\/shop.hustaskola.cz\/obchod\/wp-json\/wp\/v2\/types\/product"}],"author":[{"embeddable":true,"href":"https:\/\/shop.hustaskola.cz\/obchod\/wp-json\/wp\/v2\/users\/2"}],"wp:featuredmedia":[{"embeddable":true,"href":"https:\/\/shop.hustaskola.cz\/obchod\/wp-json\/wp\/v2\/media\/278"}],"wp:attachment":[{"href":"https:\/\/shop.hustaskola.cz\/obchod\/wp-json\/wp\/v2\/media?parent=195"}],"wp:term":[{"taxonomy":"product_brand","embeddable":true,"href":"https:\/\/shop.hustaskola.cz\/obchod\/wp-json\/wp\/v2\/product_brand?post=195"},{"taxonomy":"product_cat","embeddable":true,"href":"https:\/\/shop.hustaskola.cz\/obchod\/wp-json\/wp\/v2\/product_cat?post=195"},{"taxonomy":"product_tag","embeddable":true,"href":"https:\/\/shop.hustaskola.cz\/obchod\/wp-json\/wp\/v2\/product_tag?post=195"}],"curies":[{"name":"wp","href":"https:\/\/api.w.org\/{rel}","templated":true}]}}